t z = -106 + 173. Does 2 divide z?
False
Let r(j) = -7*j - 32. Let c be r(-5). Suppose 0*s + 78 = c*n + 3*s, -5*n = -4*s - 175. Does 4 divide n?
False
Suppose 90 + 180 = 5*g. Suppose -2*k + g + 36 = 0. Is 11 a factor of k?
False
Suppose -p + 6 = 30. Let w(h) = -52*h**3 + 5*h + 4. Let o be w(-1). Let f = o + p. Does 13 divide f?
False
Let l(t) = -103*t + 12. Let h be l(4). Let m = h + 639. Is m a multiple of 61?
False
Suppose 0*s - s = 0. Suppose s = -4*a + 2*a. Does 12 divide (-2 - a) + 29 - 3?
True
Let a(x) = 14*x**2 + 4*x + 13. Does 14 divide a(-4)?
False
Let y(f) be the second derivative of f**7/840 + f**6/120 + f**5/24 - 13*f**4/12 + 10*f. Let z(s) be the third derivative of y(s). Is z(-4) a multiple of 29?
True
Suppose 0 = 6*b + 415 + 83. Let x = 189 + b. Is x a multiple of 14?
False
Suppose 95 = -13*l + 7479. Does 4 divide l?
True
Suppose -17 = -t + 34. Suppose -t = -b + j, 4*j - 22 - 49 = -b. Does 9 divide b?
False
Let d be (2 + (-15)/5)*-6. Let r(o) = 2 + o**3 - 2*o**2 - 6*o - 2*o**2 - 3*o. Is r(d) a multiple of 10?
True
Does 11 divide (53704/49)/(2/3)?
False
Suppose -2*i = -2*o - 3004, -5*i - 17*o + 12*o + 7540 = 0. Does 66 divide i?
False
Let q(w) = -8*w**3 - 23*w**2 - 13*w - 16. Let j(h) = 3*h**3 + 8*h**2 + 4*h + 5. Let s(r) = 11*j(r) + 4*q(r). Is 2 a factor of s(6)?
False
Suppose 4*u = 2*v + u - 20, 3*v = 4*u + 28. Suppose -4*d - z - z + 208 = 0, 228 = v*d - 3*z. Is 9 a factor of d?
True
Suppose 0 = -3*r + 5*r - 20. Let h = r - 8. Suppose h*f + 25 = 7*f. Is 2 a factor of f?
False
Let k(x) = x + 1265. Let f be k(0). Suppose 5*u - f = -4*w - w, -3*w + 4*u + 724 = 0. Is w a multiple of 35?
False
Suppose 5*r = f - 2, 18 = 2*f + f - 3*r. Let l(i) = 9*i - 42. Does 3 divide l(f)?
True
Let o(g) = -g**3 - 4*g**2 + 5*g + 2. Let f be o(-5). Let a be 6 - 2 - 24/6. Suppose a*w = -f*w + 82. Is 12 a factor of w?
False
Let r(k) = 5*k**2 - 4*k + 3. Let b be r(5). Suppose 3*l - l - b = 0. Is 18 a factor of l?
True
Let p be (3 + -5 + 2)/(-1). Suppose -12*f + 576 = -3*f. Suppose t + a - 28 = p, -13 = 2*t + 3*a - f. Is 11 a factor of t?
True
Is (-23574)/(-21) + 30/21 a multiple of 4?
True
Suppose -4*m - 7 = 17. Is 6 a factor of (-2 - -4*1/m)*-9?
True
Suppose 11*m + 364 + 329 = 0. Let w = m + 198. Is w a multiple of 7?
False
Let h be 9272/28 + 13/7 + -2. Suppose 398 = 5*n + 4*j - 0*j, h = 4*n - j. Is 6 a factor of n?
False
Let m = -21 - -23. Let k = 11 - m. Is 2 a factor of 5 - (-3)/k*-6?
False
Let d be ((-12)/9)/((-2)/(-144)). Let t be (-4)/14 + d/7. Let c = 30 + t. Is c a multiple of 7?
False
Let v be (0 - -2)*13/(-2). Let z = v + 18. Suppose z*m + q - 53 = 6, 5*m - 51 = q. Is m a multiple of 4?
False
Let m(u) = -u**2 + 14*u + 17. Let n be m(11). Suppose -6 - 4 = -2*a. Suppose -70 - n = -a*s. Does 12 divide s?
True
Suppose -5*n + 1661 = -309. Is n a multiple of 67?
False
Suppose -2*m + 6*p + 6 = 3*p, -5*m - 4*p = -15. Let b(c) = 0*c - 4 - 27*c - m + 6*c - c**2. Is b(-16) a multiple of 25?
False
Let q be 3/21 - (-1336)/7. Let n = q - 55. Suppose 4*m - n = -0*m. Is 11 a factor of m?
False
Suppose 0 = 6*a - 5*a - b + 120, 381 = -3*a - 4*b. Let g = 238 - a. Suppose 184 + g = 5*x. Is x a multiple of 17?
False
Let o = -41 - -42. Does 18 divide 52 - (3 + (-6)/3)*o?
False
Let c = 84 + -62. Is 22 a factor of c?
True
Suppose -3*b = -5*p - 0*b + 40, -8 = -p - 3*b. Let z(q) = -q**3 + 7*q**2 + 6*q + 3. Let c be z(p). Let k = 17 + c. Does 4 divide k?
True
Suppose 4*d - n + 331 = 0, -d + n + 173 = -3*d. Let t = d - -262. Is t a multiple of 23?
False
Suppose 228 = -0*n + 2*n. Suppose -n = -5*q - 39. Suppose 0*m = 5*y + 3*m, -3*m = q. Is 3 a factor of y?
True
Let k(m) = -m**2 + m + 82. Let g be k(0). Let z = -49 + g. Is 7 a factor of z?
False
Let z(h) = h**2 - 7*h - 6. Suppose 4*p - 9*p + 40 = 0. Let q be z(p). Suppose 4*n = -q*n + 360. Does 15 divide n?
True
Let k(w) = w**3 - 5*w**2 - 7*w + 1. Let h be k(6). Let d(u) = -u**3 - 5*u**2 + 5. Let s be d(h). Suppose 0*q + q = s. Is 5 a factor of q?
True
Suppose -5*h - 2415 = -5*l, 0 = -4*l - 0*h + h + 1929. Is l a multiple of 17?
False
Let u(y) = 7*y**3 + 14*y**2 + 7*y + 54. Let c(p) = -3*p**3 - 7*p**2 - 4*p - 27. Let m(h) = 5*c(h) + 2*u(h). Is m(-10) a multiple of 45?
False
Let n(r) = r**3 - 48*r**2 + 108*r - 24. Is n(46) a multiple of 4?
True
Suppose 4*v + 3*z = 7, -4*v - 2*z + 6 = -v. Let g(u) = 4*u**2 + v*u**2 + 4*u**3 - 3*u**3 + 4*u. Is g(-5) a multiple of 17?
False
Let z = -53 - -51. Is (183/(-6))/(1/z) a multiple of 8?
False
Let g = -118 + 615. Is 18 a factor of g?
False
Let a = -2455 - -4296. Is a a multiple of 7?
True
Suppose 0 = 11*p + 7 + 37. Let o(y) = -2*y**3 - y**2 - 5*y - 5. Is o(p) a multiple of 16?
False
Suppose 0 = 2*v - 4, -2*y + 0*y + 3*v - 8 = 0. Let i(o) = -22*o**2 - 13*o + 79. Let z be i(5). Does 9 divide y/(-5) - z/20?
True
Let q be (12/10)/(9/30). Let u(a) = 3*a**3 - 7*a**2 - 3*a - 2. Does 11 divide u(q)?
True
Suppose -u - 4*n = u + 12, 27 = -2*u + n. Let d = u + 14. Is 2 a factor of d?
True
Suppose -65 = 18*t - 479. Does 4 divide t?
False
Let g = 3219 - 2739. Is g a multiple of 15?
True
Let b(t) = -9*t**2 + 36*t - 174. Let v(z) = 2*z**2 - 7*z + 35. Let q(h) = 2*b(h) + 11*v(h). Is 16 a factor of q(5)?
True
Let b be (-147)/8 - 27/(-72). Let l = b + 23. Is l a multiple of 2?
False
Let t be (-2)/(8/(-14))*2. Suppose 0 = -t*a + 32 + 108. Is a a multiple of 8?
False
Suppose -20 = -7*c + 15. Suppose -3*m = 4*h + m - 740, -4*h + 739 = c*m. Does 18 divide h?
False
Let r(h) be the third derivative of h**5/60 + h**4/6 - h**3 + 10*h**2. Is 15 a factor of r(-7)?
True
Let g(s) = -7*s**3 + s**3 - 8*s**3 + 13*s**3 - 5*s + 5*s**2 + 9. Is g(4) a multiple of 2?
False
Suppose -14*y + 13*y - 25 = 0. Let s = 37 + y. Is 3 a factor of s/(-36) + (-19)/(-3)?
True
Suppose -3 = 2*y - 2*r - 13, 5*y = -r + 25. Suppose 223 = y*v + 2*z, 0*z - 3*z = -3*v + 138. Is v a multiple of 15?
True
Suppose 3*t = 4*v + 14 + 6, 2*v + 5*t = -36. Let q be (-3 - -2)*v/4. Suppose 18 = q*g - 0*g. Is 9 a factor of g?
True
Let a(b) = b + 45. Suppose -4*g = -g - 63. Is a(g) a multiple of 33?
True
Suppose 4681 + 599 = 22*v. Is v a multiple of 37?
False
Let k = 5 - 5. Suppose 3*p + 1 = 3*y - 161, -3*y + 5*p + 152 = k. Is y a multiple of 15?
False
Let b(o) = -o**3 - 6*o**2 + 5*o. Suppose 8*d = 10*d - 4. Suppose -41 = 2*p + 3*p + 2*r, d*p = -2*r - 20. Is b(p) a multiple of 14?
True
Is 13 a factor of (-31 - -15)/((-2)/60)?
False
Let y(z) = -z**3 - 10*z**2 - 9*z - 12. Let w be y(-9). Let b = w - -12. Suppose -6*q + 11*q - 60 = b. Is q a multiple of 6?
True
Let u(j) = j**2 + 5*j - 17. Let y be u(7). Suppose 557 = 7*f + y. Is 14 a factor of f?
True
Let x = -60 + 196. Is x a multiple of 8?
True
Suppose n + 107 = 3*n - 3*d, 3*n - 138 = -3*d. Is n even?
False
Suppose -2*i = i - 255. Suppose 3*d = -16 + i. Is 8 a factor of d?
False
Is (0 + 1)/(19/61826) a multiple of 103?
False
Suppose 7275*i = 7284*i - 9360. Is 26 a factor of i?
True
Let j(o) = -43*o + 3. Let b be j(1). Let f = b + 95. Is 19 a factor of f?
False
Let a(r) = -77*r - 131. Does 36 divide a(-17)?
False
Suppose -849 = -14*i + 13*i + 4*v, -4*i - v = -3430. Is 60 a factor of i?
False
Suppose -m + 20 = -4*u, -7*u + 6*u - 3 = 0. Suppose -m*b - 504 = -10*b. Is b a multiple of 36?
True
Let s be (23 + 3)/(3/9). Suppose -6*t + 210 = -s. Does 5 divide t?
False
Let s be 3/(4 - 6/2). Suppose -5*p + 88 = -4*p - 2*q, s*p - 4*q = 268. Is 23 a factor of p?
True
Does 13 divide (7 + 102/(-12))/(6/(-572))?
True
Let u(v) = v - 5. Let c be u(8). Suppose -388 = -c*a - 55. Suppose r = 3*b + 50, 2*r - b = -6*b + a. Is 17 a factor of r?
False
Let v = -3 - -6. Suppose v*s = -3, -4*y + 0*y = 3*s - 5. Suppose 0 = -4*h + 2*x - x + 156, 0 = y*h - x - 76. Is h a multiple of 20?
True
Let a(g) be the third derivative of g**8/1680 - g**7/2520 + g**6/360 + 5*g**4/24 - 5*g**2. Let m(s) be the second derivative of a(s). Is 16 a factor of m(2)?
True
Suppose 0 = 14*a - 12*a - 18. Let j(h) = -4*h + 12. Let v be j(a). Does 6 divide (-3)/12*-4 - v?
False
Suppose 2*b - 20 = -3*b. Suppose 0 = -y - 2*h, -5*y - b*h + 0 = -6. Does 25 divide 64/12*9 + y?
True
Let a(k) = k**2 - 2. Suppose -5*r + 24 + 31 = 0. Suppose -r - 4 = 5*l. Does 7 divide a(l)?
True
Does 9 divide -2*339/4*(-40)/30?
False
Let r(i) = 8*i - 3. Let x be (7/(-21))/((-1)/18)